{"id":1573,"date":"2021-05-31T10:19:17","date_gmt":"2021-05-31T08:19:17","guid":{"rendered":"https:\/\/www.viaemisericordiae.org\/?page_id=1573"},"modified":"2021-05-31T10:19:17","modified_gmt":"2021-05-31T08:19:17","slug":"dalla-melusina-alla-compagnia-del-beato-nevolone","status":"publish","type":"page","link":"https:\/\/www.viaemisericordiae.org\/en\/dalla-melusina-alla-compagnia-del-beato-nevolone\/","title":{"rendered":"Dalla Melusina alla Compagnia del Beato Nevolone"},"content":{"rendered":"<p class=\"qtranxs-available-languages-message qtranxs-available-languages-message-en\">Sorry, this entry is only available in <a href=\"https:\/\/www.viaemisericordiae.org\/it\/wp-json\/wp\/v2\/pages\/1573\" class=\"qtranxs-available-language-link qtranxs-available-language-link-it\" title=\"Italiano\">Italiano<\/a>. For the sake of viewer convenience, the content is shown below in the alternative language. You may click the link to switch the active language.<\/p><p>La DONAZIONE ARNALDA FERRANTI (la Melusina) di Bologna alla COMPAGNIA DEL BEATO NEVOLONE di Faenza<\/p>\n<p>Nel maggio 2020 nelle vetrine del mio piccolo studio in Corso Saffi 6 a Faenza, erano esposte le 12 targhe devozionali del cammino VIAE MISERICORDIAE, del quale sono responsabile artistica. Il pomeriggio del giorno 13 si \u00e8 presentato nel mio studio di Corso Saffi 6 a Faenza, l&#8217;ingegner Salvatore Baccarini, faentino amico fraterno della famiglia di Arnalda Ferranti e mi ha mostrato alcune immagini di targhe devozionali da lei realizzate. Ha proseguito dicendomi che, per disposizione testamentale, la famiglia intendeva regalare stampi (circa 200), terrecotte ed altro materiale appartenuto alla loro congiunta recentemente scomparsa ed egli era, per conto degli eredi, alla ricerca di qualcuno che fosse interessato ad acquisirlo per scopi benefici e a far si che il patrimonio storico-iconografico non andasse perduto, ma servisse per proseguire il lavoro che la Melusina aveva svolto con tanto amore, dedizione e devozione. Salvatore Baccarini se ne and\u00f2 dicendomi <em>si faccia venire un&#8217;idea e<\/em>\u00a0avendo compreso il valore (e non mi riferisco certo a quello economico) di quanto mi veniva offerto, vi lascio solo immaginare il mio stupore e tutte le emozioni che possono avermi attraversata: ho riflettuto per alcuni giorni a lungo&#8230; un tale dono non poteva andare sprecato e occorreva pensare a qualcosa che potesse ripagare la generosit\u00e0 ricevuta onorando la memoria di Arnalda Ferranti.<\/p>\n<p>La Compagnia Beato Nevolone costituitasi nel gennaio 2019 per dare una forma giuridica al gruppo dei volontari che dal 2016 hanno dato vita al cammino Viae Misericordiae e della quale sono socio fondatore, secondo me poteva essere la giusta collocazione per le targhe devozionali della Melusina: ne avevamo gi\u00e0 12 nel nostro cammino e potevamo accoglierne altre per proseguire lungo la strada che stiamo percorrendo: ho pensato che se il Beato Nevolone ha camminato da Faenza a Santiago per ben 11 volte, anche noi possiamo impegnarci per\u00a0<em>camminare<\/em>\u00a0un p\u00f2 di pi\u00f9&#8230; (con la donazione degli stampi di Arnalda Ferranti, le nostre targhe devozionali dalle precedenti 12 passano ad oltre 300).<\/p>\n<p>Ho sottoposto questa idea al direttivo della Compagnia del Beato Nevolone (presidente Andrea Gonelli di Faenza, vicepresidente Antonella Cavalieri di Alfonsine, segretario Marcello Molignoni di Faenza, consiglieri Umberto Carli di Comacchio e Gerardo Morrone di Faenza) ed \u00e8 stata approvata, quindi ho ricontattato Salvatore Baccarini che a sua volta l&#8217;ha sottoposta alla famiglia di Arnalda Ferranti ed \u00e8 piaciuta anche a loro.<\/p>\n<p>Nell\u2019ambito della mostra IN ROTTA CON LA SPERANZA del settembre 2019, abbiamo esposto in anteprima a Russi alcune delle Addolorate della donazione e in questo particolarissimo anno abbiamo progettato TARGHE DEVOZIONALI IN CAMMINO per presentarla al meglio.<\/p>\n<p>Il cammino delle targhe devozionali con la Compagnia Beato Nevolone nel 2020 \u00e8 iniziato a fine agosto a Brisighella ed \u00e8 proseguito in settembre a Faenza, ora \u00e8 a Russi, quindi andr\u00e0 a Solarolo, in ottobre a Comacchio e infine a novembre far\u00e0 tappa a Roma.<\/p>\n<p>Il nostro immenso GRAZIE va ad Arnalda Ferranti, Delio Bagnoli, Luisa Ferranti e a tutti i suoi familiari, un grazie speciale a Salvatore Baccarini.<\/p>\n<p>In questa particolare occasione il nostro GRAZIE va a tutta la citt\u00e0 di Russi, alla parrocchia di Sant\u2019Apollinare, all\u2019Amministrazione comunale, all\u2019Associazione culturale Ettore Masoni, inoltre al settimanale Il Piccolo, sede della Compagnia Beato Nevolone.<\/p>\n<p>&nbsp;<\/p>\n<p>Maria Cristina Sintoni<\/p>","protected":false},"excerpt":{"rendered":"<p>Sorry, this entry is only available in Italiano. For the sake of viewer convenience, the content is shown below in the alternative language. You may click the link to switch the active language.La DONAZIONE ARNALDA FERRANTI (la Melusina) di Bologna alla COMPAGNIA DEL BEATO NEVOLONE di Faenza Nel maggio 2020 nelle vetrine del mio piccolo [&hellip;]<\/p>\n","protected":false},"author":1,"featured_media":0,"parent":0,"menu_order":0,"comment_status":"closed","ping_status":"closed","template":"","meta":{"footnotes":""},"class_list":["post-1573","page","type-page","status-publish","hentry"],"_links":{"self":[{"href":"https:\/\/www.viaemisericordiae.org\/en\/wp-json\/wp\/v2\/pages\/1573","targetHints":{"allow":["GET"]}}],"collection":[{"href":"https:\/\/www.viaemisericordiae.org\/en\/wp-json\/wp\/v2\/pages"}],"about":[{"href":"https:\/\/www.viaemisericordiae.org\/en\/wp-json\/wp\/v2\/types\/page"}],"author":[{"embeddable":true,"href":"https:\/\/www.viaemisericordiae.org\/en\/wp-json\/wp\/v2\/users\/1"}],"replies":[{"embeddable":true,"href":"https:\/\/www.viaemisericordiae.org\/en\/wp-json\/wp\/v2\/comments?post=1573"}],"version-history":[{"count":1,"href":"https:\/\/www.viaemisericordiae.org\/en\/wp-json\/wp\/v2\/pages\/1573\/revisions"}],"predecessor-version":[{"id":1574,"href":"https:\/\/www.viaemisericordiae.org\/en\/wp-json\/wp\/v2\/pages\/1573\/revisions\/1574"}],"wp:attachment":[{"href":"https:\/\/www.viaemisericordiae.org\/en\/wp-json\/wp\/v2\/media?parent=1573"}],"curies":[{"name":"wp","href":"https:\/\/api.w.org\/{rel}","templated":true}]}}

<p class="qtranxs-available-languages-message qtranxs-available-languages-message-en">Sorry, this entry is only available in <a href="https://www.viaemisericordiae.org/it/wp-json/wp/v2/pages/1573" class="qtranxs-available-language-link qtranxs-available-language-link-it" title="Italiano">Italiano</a>. For the sake of viewer convenience, the content is shown below in the alternative language. You may click the link to switch the active language.</p><p>La DONAZIONE ARNALDA FERRANTI (la Melusina) di Bologna alla COMPAGNIA DEL BEATO NEVOLONE di Faenza</p>
<p>Nel maggio 2020 nelle vetrine del mio piccolo studio in Corso Saffi 6 a Faenza, erano esposte le 12 targhe devozionali del cammino VIAE MISERICORDIAE, del quale sono responsabile artistica. Il pomeriggio del giorno 13 si è presentato nel mio studio di Corso Saffi 6 a Faenza, l&#8217;ingegner Salvatore Baccarini, faentino amico fraterno della famiglia di Arnalda Ferranti e mi ha mostrato alcune immagini di targhe devozionali da lei realizzate. Ha proseguito dicendomi che, per disposizione testamentale, la famiglia intendeva regalare stampi (circa 200), terrecotte ed altro materiale appartenuto alla loro congiunta recentemente scomparsa ed egli era, per conto degli eredi, alla ricerca di qualcuno che fosse interessato ad acquisirlo per scopi benefici e a far si che il patrimonio storico-iconografico non andasse perduto, ma servisse per proseguire il lavoro che la Melusina aveva svolto con tanto amore, dedizione e devozione. Salvatore Baccarini se ne andò dicendomi <em>si faccia venire un&#8217;idea e</em> avendo compreso il valore (e non mi riferisco certo a quello economico) di quanto mi veniva offerto, vi lascio solo immaginare il mio stupore e tutte le emozioni che possono avermi attraversata: ho riflettuto per alcuni giorni a lungo&#8230; un tale dono non poteva andare sprecato e occorreva pensare a qualcosa che potesse ripagare la generosità ricevuta onorando la memoria di Arnalda Ferranti.</p>
<p>La Compagnia Beato Nevolone costituitasi nel gennaio 2019 per dare una forma giuridica al gruppo dei volontari che dal 2016 hanno dato vita al cammino Viae Misericordiae e della quale sono socio fondatore, secondo me poteva essere la giusta collocazione per le targhe devozionali della Melusina: ne avevamo già 12 nel nostro cammino e potevamo accoglierne altre per proseguire lungo la strada che stiamo percorrendo: ho pensato che se il Beato Nevolone ha camminato da Faenza a Santiago per ben 11 volte, anche noi possiamo impegnarci per <em>camminare</em> un pò di più&#8230; (con la donazione degli stampi di Arnalda Ferranti, le nostre targhe devozionali dalle precedenti 12 passano ad oltre 300).</p>
<p>Ho sottoposto questa idea al direttivo della Compagnia del Beato Nevolone (presidente Andrea Gonelli di Faenza, vicepresidente Antonella Cavalieri di Alfonsine, segretario Marcello Molignoni di Faenza, consiglieri Umberto Carli di Comacchio e Gerardo Morrone di Faenza) ed è stata approvata, quindi ho ricontattato Salvatore Baccarini che a sua volta l&#8217;ha sottoposta alla famiglia di Arnalda Ferranti ed è piaciuta anche a loro.</p>
<p>Nell’ambito della mostra IN ROTTA CON LA SPERANZA del settembre 2019, abbiamo esposto in anteprima a Russi alcune delle Addolorate della donazione e in questo particolarissimo anno abbiamo progettato TARGHE DEVOZIONALI IN CAMMINO per presentarla al meglio.</p>
<p>Il cammino delle targhe devozionali con la Compagnia Beato Nevolone nel 2020 è iniziato a fine agosto a Brisighella ed è proseguito in settembre a Faenza, ora è a Russi, quindi andrà a Solarolo, in ottobre a Comacchio e infine a novembre farà tappa a Roma.</p>
<p>Il nostro immenso GRAZIE va ad Arnalda Ferranti, Delio Bagnoli, Luisa Ferranti e a tutti i suoi familiari, un grazie speciale a Salvatore Baccarini.</p>
<p>In questa particolare occasione il nostro GRAZIE va a tutta la città di Russi, alla parrocchia di Sant’Apollinare, all’Amministrazione comunale, all’Associazione culturale Ettore Masoni, inoltre al settimanale Il Piccolo, sede della Compagnia Beato Nevolone.</p>
<p>&nbsp;</p>
<p>Maria Cristina Sintoni</p>
